eatest common factor of 112 and 121744.
112
Calculate the greatest common factor of 386200 and 24.
8
Calculate the greatest common factor of 4716 and 180.
36
What is the greatest common factor of 5757 and 52722?
303
Calculate the highest common divisor of 600954 and 2442.
222
Calculate the greatest common divisor of 17357 and 10829.
17
What is the highest common factor of 273 and 1598064?
39
Calculate the greatest common factor of 1085859 and 4605.
921
What is the greatest common factor of 11749 and 279?
31
What is the highest common factor of 1434 and 114?
6
What is the greatest common factor of 676483 and 319?
29
What is the highest common divisor of 2316324 and 258?
258
What is the highest common factor of 858 and 6474?
78
What is the highest common divisor of 341346 and 6?
6
What is the greatest common divisor of 546 and 573638?
26
What is the greatest common divisor of 9369 and 165866?
347
Calculate the greatest common factor of 1168590 and 30.
30
Calculate the highest common factor of 804 and 95140.
268
Calculate the highest common factor of 682 and 48136.
22
Calculate the greatest common factor of 644 and 190484.
28
What is the greatest common divisor of 3199812 and 42?
42
What is the highest common divisor of 40 and 25780?
20
Calculate the greatest common factor of 40 and 40300.
20
What is the highest common divisor of 209 and 204193?
209
Calculate the highest common divisor of 3564 and 244332.
396
Calculate the highest common factor of 36 and 2956644.
36
What is the greatest common divisor of 157026 and 30?
6
Calculate the highest common divisor of 2608672 and 112.
16
What is the greatest common divisor of 650 and 28496?
26
Calculate the greatest common divisor of 272629 and 595.
119
Calculate the highest common factor of 246 and 156374.
82
Calculate the greatest common factor of 150443 and 31.
31
Calculate the greatest common divisor of 126 and 1765134.
126
Calculate the highest common factor of 1645 and 245.
35
What is the greatest common divisor of 48600 and 150?
150
What is the greatest common divisor of 883525 and 20?
5
Calculate the highest common factor of 7 and 28343.
7
What is the highest common divisor of 25092 and 72?
36
Calculate the highest common factor of 225 and 214275.
75
What is the highest common divisor of 14090 and 190?
10
Calculate the highest common factor of 1004 and 671425.
251
Calculate the highest common divisor of 55935 and 2673.
99
Calculate the greatest common divisor of 351 and 4173.
39
What is the highest common divisor of 7029 and 497?
71
What is the highest common factor of 25123 and 16317?
259
What is the greatest common factor of 2554 and 18?
2
Calculate the highest common factor of 11074 and 2478.
14
Calculate the greatest common factor of 32349 and 1353.
123
What is the highest common factor of 449013 and 4947?
291
Calculate the greatest common divisor of 5734 and 488.
122
Calculate the greatest common factor of 140 and 433280.
20
What is the highest common factor of 10 and 243380?
10
Calculate the highest common divisor of 48132 and 252.
252
What is the highest common factor of 4648 and 476?
28
Calculate the highest common factor of 65100 and 7455.
105
What is the greatest common factor of 7 and 293419?
7
Calculate the highest common factor of 2201 and 527.
31
Calculate the greatest common divisor of 68157 and 9.
9
What is the greatest common divisor of 228 and 87?
3
What is the highest common divisor of 6288 and 208?
16
What is the greatest common divisor of 12782 and 154?
154
Calculate the greatest common factor of 123156 and 1980.
396
What is the greatest common divisor of 642 and 1260?
6
Calculate the greatest common factor of 104 and 21502.
26
Calculate the highest common factor of 1550976 and 14.
14
Calculate the greatest common divisor of 18228 and 113484.
588
Calculate the highest common factor of 152 and 1296.
8
Calculate the greatest common factor of 1232 and 84546.
154
Calculate the highest common factor of 16100 and 6160.
140
Calculate the highest common factor of 5 and 112775.
5
Calculate the highest common factor of 71819 and 847.
11
What is the highest common factor of 46194 and 270?
6
Calculate the greatest common factor of 16826 and 8836.
94
Calculate the greatest common divisor of 317205 and 2565.
855
Calculate the greatest common factor of 712 and 345676.
356
What is the greatest common divisor of 6 and 483?
3
Calculate the greatest common divisor of 292380 and 572.
44
What is the highest common factor of 3 and 113?
1
What is the highest common factor of 224818 and 4?
2
Calculate the highest common factor of 146 and 196297.
73
What is the greatest common factor of 26910 and 18070?
130
Calculate the greatest common divisor of 12 and 119172.
12
What is the greatest common divisor of 395 and 2445?
5
Calculate the greatest common divisor of 8 and 404596.
4
Calculate the greatest common divisor of 467181 and 1755.
351
Calculate the greatest common factor of 4603130 and 38.
38
Calculate the greatest common divisor of 117 and 2443779.
117
What is the greatest common divisor of 13380 and 240?
60
Calculate the highest common divisor of 21900 and 750.
150
What is the greatest common divisor of 26479 and 47?
1
What is the highest common factor of 426133 and 30862?
1187
Calculate the greatest common divisor of 102 and 5682.
6
What is the greatest common factor of 175169 and 141?
47
Calculate the greatest common divisor of 6936 and 21012.
204
What is the highest common factor of 169925 and 2065?
35
What is the greatest common factor of 12851 and 724?
181
Calculate the highest common factor of 6144 and 24312.
24
Calculate the highest common factor of 1545168 and 192.
48
Calculate the highest common divisor of 11831 and 2.
1
What is the highest common factor of 537027 and 543?
543
Calculate the highest common divisor of 2535 and 114582.
507
What is the greatest common factor of 60709 and 33?
11
What is the highest common divisor of 1056 and 9144?
24
Calculate the greatest common divisor of 28960 and 23360.
160
Calculate the greatest common divisor of 64 and 4126.
2
Calculate the greatest common divisor of 33 and 185559.
33
Calculate the highest common factor of 65246 and 34.
34
What is the highest common divisor of 460 and 157060?
20
Calculate the highest common factor of 5184 and 4672.
64
What is the greatest common divisor of 151528 and 496?
248
Calculate the highest common factor of 508380 and 15.
15
Calculate the greatest common divisor of 779 and 25061.
19
What is the highest common factor of 129760 and 160?
160
Calculate the highest common divisor of 84843 and 297.
99
What is the highest common divisor of 200 and 2236560?
40
What is the greatest common factor of 251 and 502?
251
What is the highest common divisor of 18318 and 37914?
426
What is the highest common divisor of 26 and 2?
2
Calculate the highest common divisor of 5804986 and 33.
11
What is the highest common divisor of 19338 and 11286?
66
What is the greatest common divisor of 141 and 2011459?
47
Calculate the highest common factor of 1512685 and 380.
95
Calculate the highest common divisor of 44291 and 13.
13
Calculate the greatest common divisor of 2925 and 7215.
195
What is the highest common factor of 95 and 31597?
19
Calculate the greatest common divisor of 19162 and 6566.
134
What is the highest common factor of 188000 and 13500?
500
Calculate the highest common divisor of 1782 and 2862.
54
Calculate the highest common divisor of 163456 and 192.
64
Calculate the greatest common divisor of 9071 and 16019.
193
Calculate the highest common divisor of 847242 and 33454.
778
Calculate the greatest common divisor of 51870 and 208390.
910
What is the greatest common divisor of 378 and 637119?
189
What is the highest common factor of 54 and 47706?
6
What is the greatest common divisor of 744 and 185628?
372
Calculate the highest common divisor of 28 and 448.
28
Calculate the greatest common divisor of 45650 and 675.
25
What is the greatest common factor of 30 and 301170?
30
Calculate the highest common factor of 7194 and 490718.
218
Calculate the highest common factor of 620 and 23746.
62
What is the greatest common factor of 12555 and 9000?
45
Calculate the highest common divisor of 381 and 7773.
3
Calculate the highest c